[INFO] cloning repository https://github.com/vincentdephily/emlop
[INFO] running `Command { std: "git" "-c" "credential.helper=" "-c" "credential.helper=/workspace/cargo-home/bin/git-credential-null" "clone" "--bare" "https://github.com/vincentdephily/emlop" "/workspace/cache/git-repos/https%3A%2F%2Fgithub.com%2Fvincentdephily%2Femlop", kill_on_drop: false }`
[INFO] [stderr] Cloning into bare repository '/workspace/cache/git-repos/https%3A%2F%2Fgithub.com%2Fvincentdephily%2Femlop'...
[INFO] running `Command { std: "git" "rev-parse" "HEAD", kill_on_drop: false }`
[INFO] [stdout] a0a2fa5e3234e752cb5e056fe1c9a4888194ed28
[INFO] checking vincentdephily/emlop against master#af3c6e733a40e671550e0f0f5aeecaa13772ba56 for pr-74989
[INFO] running `Command { std: "git" "clone" "/workspace/cache/git-repos/https%3A%2F%2Fgithub.com%2Fvincentdephily%2Femlop" "/workspace/builds/worker-0/source", kill_on_drop: false }`
[INFO] [stderr] Cloning into '/workspace/builds/worker-0/source'...
[INFO] [stderr] done.
[INFO] validating manifest of git repo https://github.com/vincentdephily/emlop on toolchain af3c6e733a40e671550e0f0f5aeecaa13772ba56
[INFO] running `Command { std: "/workspace/cargo-home/bin/cargo" "+af3c6e733a40e671550e0f0f5aeecaa13772ba56" "read-manifest" "--manifest-path" "Cargo.toml", kill_on_drop: false }`
[INFO] started tweaking git repo https://github.com/vincentdephily/emlop
[INFO] finished tweaking git repo https://github.com/vincentdephily/emlop
[INFO] tweaked toml for git repo https://github.com/vincentdephily/emlop written to /workspace/builds/worker-0/source/Cargo.toml
[INFO] crate git repo https://github.com/vincentdephily/emlop already has a lockfile, it will not be regenerated
[INFO] running `Command { std: "/workspace/cargo-home/bin/cargo" "+af3c6e733a40e671550e0f0f5aeecaa13772ba56" "fetch" "--locked" "--manifest-path" "Cargo.toml", kill_on_drop: false }`
[INFO] [stderr]     Blocking waiting for file lock on package cache
[INFO] [stderr]  Downloading crates ...
[INFO] [stderr]   Downloaded doc-comment v0.3.3
[INFO] [stderr]   Downloaded scanlex v0.1.2
[INFO] [stderr]   Downloaded chrono-english v0.1.4
[INFO] [stderr]   Downloaded predicates v1.0.5
[INFO] [stderr]   Downloaded tabwriter v1.1.0
[INFO] [stderr]   Downloaded anyhow v1.0.32
[INFO] [stderr]   Downloaded assert_cmd v1.0.1
[INFO] [stderr]   Downloaded stderrlog v0.4.1
[INFO] running `Command { std: "docker" "create" "-v" "/var/lib/crater-agent-workspace/builds/worker-0/target:/opt/rustwide/target:rw,Z" "-v" "/var/lib/crater-agent-workspace/builds/worker-0/source:/opt/rustwide/workdir:ro,Z" "-v" "/var/lib/crater-agent-workspace/cargo-home:/opt/rustwide/cargo-home:ro,Z" "-v" "/var/lib/crater-agent-workspace/rustup-home:/opt/rustwide/rustup-home:ro,Z" "-e" "SOURCE_DIR=/opt/rustwide/workdir" "-e" "CARGO_TARGET_DIR=/opt/rustwide/target" "-e" "CARGO_HOME=/opt/rustwide/cargo-home" "-e" "RUSTUP_HOME=/opt/rustwide/rustup-home" "-w" "/opt/rustwide/workdir" "-m" "1610612736" "--user" "0:0" "--network" "none" "rustops/crates-build-env@sha256:d92eaeed33fa75130ca1ee6c8a01d1ffb62bac859dfdfb3450e3e5d1c0146529" "/opt/rustwide/cargo-home/bin/cargo" "+af3c6e733a40e671550e0f0f5aeecaa13772ba56" "metadata" "--no-deps" "--format-version=1", kill_on_drop: false }`
[INFO] [stdout] a8fe74bd8712a3c75a38b451ad0cae0c53ced89220f4b9a1058e4eb95cc5352d
[INFO] [stderr] WARNING: Your kernel does not support swap limit capabilities or the cgroup is not mounted. Memory limited without swap.
[INFO] running `Command { std: "docker" "start" "-a" "a8fe74bd8712a3c75a38b451ad0cae0c53ced89220f4b9a1058e4eb95cc5352d", kill_on_drop: false }`
[INFO] running `Command { std: "docker" "inspect" "a8fe74bd8712a3c75a38b451ad0cae0c53ced89220f4b9a1058e4eb95cc5352d", kill_on_drop: false }`
[INFO] running `Command { std: "docker" "rm" "-f" "a8fe74bd8712a3c75a38b451ad0cae0c53ced89220f4b9a1058e4eb95cc5352d", kill_on_drop: false }`
[INFO] [stdout] a8fe74bd8712a3c75a38b451ad0cae0c53ced89220f4b9a1058e4eb95cc5352d
[INFO] running `Command { std: "docker" "create" "-v" "/var/lib/crater-agent-workspace/builds/worker-0/target:/opt/rustwide/target:rw,Z" "-v" "/var/lib/crater-agent-workspace/builds/worker-0/source:/opt/rustwide/workdir:ro,Z" "-v" "/var/lib/crater-agent-workspace/cargo-home:/opt/rustwide/cargo-home:ro,Z" "-v" "/var/lib/crater-agent-workspace/rustup-home:/opt/rustwide/rustup-home:ro,Z" "-e" "SOURCE_DIR=/opt/rustwide/workdir" "-e" "CARGO_TARGET_DIR=/opt/rustwide/target" "-e" "CARGO_INCREMENTAL=0" "-e" "RUST_BACKTRACE=full" "-e" "RUSTFLAGS=--cap-lints=forbid" "-e" "CARGO_HOME=/opt/rustwide/cargo-home" "-e" "RUSTUP_HOME=/opt/rustwide/rustup-home" "-w" "/opt/rustwide/workdir" "-m" "1610612736" "--user" "0:0" "--network" "none" "rustops/crates-build-env@sha256:d92eaeed33fa75130ca1ee6c8a01d1ffb62bac859dfdfb3450e3e5d1c0146529" "/opt/rustwide/cargo-home/bin/cargo" "+af3c6e733a40e671550e0f0f5aeecaa13772ba56" "check" "--frozen" "--all" "--all-targets" "--message-format=json", kill_on_drop: false }`
[INFO] [stdout] fac0271c9d8b5fe4b3ced4940a13b0b975edb93e12c11661d41eff08ede69c50
[INFO] [stderr] WARNING: Your kernel does not support swap limit capabilities or the cgroup is not mounted. Memory limited without swap.
[INFO] running `Command { std: "docker" "start" "-a" "fac0271c9d8b5fe4b3ced4940a13b0b975edb93e12c11661d41eff08ede69c50", kill_on_drop: false }`
[INFO] [stderr]     Blocking waiting for file lock on package cache
[INFO] [stderr]     Blocking waiting for file lock on package cache
[INFO] [stderr]    Compiling libc v0.2.58
[INFO] [stderr]    Compiling autocfg v0.1.4
[INFO] [stderr]     Checking cfg-if v0.1.9
[INFO] [stderr]    Compiling regex v1.1.7
[INFO] [stderr]     Checking predicates-core v1.0.0
[INFO] [stderr]     Checking difference v2.0.0
[INFO] [stderr]     Checking termcolor v0.3.6
[INFO] [stderr]     Checking strsim v0.8.0
[INFO] [stderr]     Checking scanlex v0.1.2
[INFO] [stderr]     Checking treeline v0.1.0
[INFO] [stderr]     Checking thread_local v0.3.6
[INFO] [stderr]     Checking regex-syntax v0.6.7
[INFO] [stderr]     Checking textwrap v0.11.0
[INFO] [stderr]     Checking aho-corasick v0.7.3
[INFO] [stderr]     Checking log v0.4.6
[INFO] [stderr]     Checking crossbeam-utils v0.6.5
[INFO] [stderr]     Checking predicates-tree v1.0.0
[INFO] [stderr]     Checking predicates v1.0.5
[INFO] [stderr]    Compiling num-traits v0.2.8
[INFO] [stderr]    Compiling num-integer v0.1.41
[INFO] [stderr]     Checking crossbeam-channel v0.3.8
[INFO] [stderr]     Checking time v0.1.42
[INFO] [stderr]     Checking atty v0.2.11
[INFO] [stderr]     Checking errno v0.2.4
[INFO] [stderr]     Checking wait-timeout v0.2.0
[INFO] [stderr]     Checking clap v2.33.0
[INFO] [stderr]     Checking sysconf v0.3.4
[INFO] [stderr]     Checking assert_cmd v1.0.1
[INFO] [stderr]     Checking chrono v0.4.6
[INFO] [stderr]     Checking chrono-english v0.1.4
[INFO] [stderr]     Checking stderrlog v0.4.1
[INFO] [stderr]     Checking tabwriter v1.1.0
[INFO] [stderr]     Checking emlop v0.3.1 (/opt/rustwide/workdir)
[INFO] [stdout] error[E0432]: unresolved import `inc_stats`
[INFO] [stdout]   --> benches/exec_compare.rs:20:5
[INFO] [stdout]    |
[INFO] [stdout] 20 | use inc_stats::*;
[INFO] [stdout]    |     ^^^^^^^^^ use of undeclared type or module `inc_stats`
[INFO] [stdout] 
[INFO] [stdout] 
[INFO] [stdout] error[E0412]: cannot find type `SummStats` in this scope
[INFO] [stdout]    --> benches/exec_compare.rs:235:17
[INFO] [stdout]     |
[INFO] [stdout] 235 |         let ss: SummStats = vals.iter().cloned().collect();
[INFO] [stdout]     |                 ^^^^^^^^^ not found in this scope
[INFO] [stdout] 
[INFO] [stdout] 
[INFO] [stdout] error[E0412]: cannot find type `Percentiles` in this scope
[INFO] [stdout]    --> benches/exec_compare.rs:236:21
[INFO] [stdout]     |
[INFO] [stdout] 236 |         let mut pc: Percentiles = vals.iter().cloned().collect();
[INFO] [stdout]     |                     ^^^^^^^^^^^ not found in this scope
[INFO] [stdout] 
[INFO] [stdout] 
[INFO] [stdout] warning: use of deprecated associated function `core::str::<impl str>::trim_left_matches`: superseded by `trim_start_matches`
[INFO] [stdout]    --> benches/exec_compare.rs:172:25
[INFO] [stdout]     |
[INFO] [stdout] 172 |             false => p2.trim_left_matches(':'),
[INFO] [stdout]     |                         ^^^^^^^^^^^^^^^^^ help: replace the use of the deprecated associated function: `trim_start_matches`
[INFO] [stdout]     |
[INFO] [stdout]     = note: `#[warn(deprecated)]` on by default
[INFO] [stdout] 
[INFO] [stdout] 
[INFO] [stdout] error: aborting due to 3 previous errors; 1 warning emitted
[INFO] [stdout] 
[INFO] [stdout] 
[INFO] [stdout] Some errors have detailed explanations: E0412, E0432.
[INFO] [stdout] 
[INFO] [stdout] For more information about an error, try `rustc --explain E0412`.
[INFO] [stdout] 
[INFO] [stderr] error: could not compile `emlop`.
[INFO] [stderr] 
[INFO] [stderr] To learn more, run the command again with --verbose.
[INFO] [stderr] warning: build failed, waiting for other jobs to finish...
[INFO] [stderr] error: build failed
[INFO] running `Command { std: "docker" "inspect" "fac0271c9d8b5fe4b3ced4940a13b0b975edb93e12c11661d41eff08ede69c50", kill_on_drop: false }`
[INFO] running `Command { std: "docker" "rm" "-f" "fac0271c9d8b5fe4b3ced4940a13b0b975edb93e12c11661d41eff08ede69c50", kill_on_drop: false }`
[INFO] [stdout] fac0271c9d8b5fe4b3ced4940a13b0b975edb93e12c11661d41eff08ede69c50
